{"id":516,"date":"2023-02-27T12:51:30","date_gmt":"2023-02-27T12:51:30","guid":{"rendered":"http:\/\/kapela.se\/?page_id=516"},"modified":"2025-03-10T19:34:35","modified_gmt":"2025-03-10T19:34:35","slug":"uv-scout-i-kapela-missionshus","status":"publish","type":"page","link":"http:\/\/kapela.se\/index.php\/uv-scout-i-kapela-missionshus\/","title":{"rendered":"UV-scout i Kapela missionshus 2025"},"content":{"rendered":"\n<p>UV-scout har en historia som str\u00e4cker sig \u00e4nda tillbaka till 1942, d\u00e5 den f\u00f6rsta UV-scoutk\u00e5ren bildades i Gnosj\u00f6. Idag best\u00e5r UV-scout av 73 k\u00e5rer och 3500 medlemmar.<br>   UV-scout handlar om djur, natur, eldar och knopar. Men ocks\u00e5 om sjukv\u00e5rd, bibelkunskap, mission och allm\u00e4nna samh\u00e4llsfr\u00e5gor som trafik och demokrati. Inneh\u00e5llet i UV \u00e4r minst sagt varierat!<br><strong><br>  Tider som g\u00e4ller: fredagar 17.30 &#8211; 18.45!<\/strong><br>K\u00e5rchef: <strong>Ewie Enell 070-455 65 16 <\/strong><br>vice k\u00e5rchef: <strong>Martin Jansson 070-557 85<\/strong><\/p>\n\n\n\n<p><\/p>\n\n\n\n<p><strong>INFORMATION:<\/strong><\/p>\n\n\n\n<p>&#8211; F\u00f6r\u00e4ldrafika finns f\u00f6r de som inte vill \u00e5ka hem utan stanna och umg\u00e5s. Ibland kan man f\u00e5 med sig n\u00e5gon p\u00e5 en promenad ocks\u00e5.<\/p>\n\n\n\n<p>&#8211; Uv-skjortsansvarig \u00e4r Naemi Andersson.<\/p>\n\n\n\n<p>*En skjorta kostar 500 kr med alla tillbeh\u00f6r.<\/p>\n\n\n\n<p>* Tappar du bort n\u00e5got tillbeh\u00f6r t.ex. s\u00f6lja eller snodd f\u00e5r du k\u00f6pa nytt f\u00f6r 30 kr styck. Ta kontakt av Naemi s\u00e5 hj\u00e4lper hon dig.<\/p>\n\n\n\n<p>&#8211; Kass\u00f6r \u00e4r Karl-Johan Johansson.<\/p>\n\n\n\n<p>&#8211; Bankgiro 113-3420<\/p>\n\n\n\n<p>&#8211; Numret f\u00f6r SWISH \u00e4r 123 481 87 12<\/p>\n\n\n\n<p>&#8211; Vill du att ditt barn INTE \u00e4r med p\u00e5 sociala medier s\u00e5 s\u00e4g till Evelina Svensson.<\/p>\n\n\n\n<p>&#8211; Har ditt barn n\u00e5gra allergier, s\u00e4g till snarast, g\u00e4rna muntligt och skriftligt.<\/p>\n\n\n\n<p>&#8211; Mobiltelefonerna b\u00f6r stanna hemma under uv-kv\u00e4llen. Missk\u00f6ter man sitt mobilanv\u00e4ndande tar vi mobilen och l\u00e4mnar tillbaka den efter kv\u00e4llens slut.<\/p>\n\n\n\n<p>&#8211; \u00c4r du inte med i n\u00e5gon SMS-grupp s\u00e5 kontakta Ewie.<\/p>\n\n\n\n<p>&#8211; Har du fr\u00e5gor eller funderar \u00f6ver n\u00e5got s\u00e5 fr\u00e5ga g\u00e4rna <\/p>\n","protected":false},"excerpt":{"rendered":"<p>UV-scout har en historia som str\u00e4cker sig \u00e4nda tillbaka till 1942, d\u00e5 den f\u00f6rsta UV-scoutk\u00e5ren bildades i Gnosj\u00f6. Idag best\u00e5r UV-scout av 73 k\u00e5rer och 3500 medlemmar. UV-scout handlar om djur, natur, eldar och knopar. Men ocks\u00e5 om sjukv\u00e5rd, bibelkunskap, mission och allm\u00e4nna samh\u00e4llsfr\u00e5gor som trafik och demokrati. Inneh\u00e5llet i UV \u00e4r minst sagt varierat! &hellip; <a href=\"http:\/\/kapela.se\/index.php\/uv-scout-i-kapela-missionshus\/\" class=\"more-link\">Forts\u00e4tt l\u00e4sa<span class=\"screen-reader-text\"> &#8221;UV-scout i Kapela missionshus 2025&#8221;<\/span><\/a><\/p>\n","protected":false},"author":4,"featured_media":331,"parent":0,"menu_order":0,"comment_status":"closed","ping_status":"closed","template":"","meta":[],"_links":{"self":[{"href":"http:\/\/kapela.se\/index.php\/wp-json\/wp\/v2\/pages\/516"}],"collection":[{"href":"http:\/\/kapela.se\/index.php\/wp-json\/wp\/v2\/pages"}],"about":[{"href":"http:\/\/kapela.se\/index.php\/wp-json\/wp\/v2\/types\/page"}],"author":[{"embeddable":true,"href":"http:\/\/kapela.se\/index.php\/wp-json\/wp\/v2\/users\/4"}],"replies":[{"embeddable":true,"href":"http:\/\/kapela.se\/index.php\/wp-json\/wp\/v2\/comments?post=516"}],"version-history":[{"count":9,"href":"http:\/\/kapela.se\/index.php\/wp-json\/wp\/v2\/pages\/516\/revisions"}],"predecessor-version":[{"id":625,"href":"http:\/\/kapela.se\/index.php\/wp-json\/wp\/v2\/pages\/516\/revisions\/625"}],"wp:featuredmedia":[{"embeddable":true,"href":"http:\/\/kapela.se\/index.php\/wp-json\/wp\/v2\/media\/331"}],"wp:attachment":[{"href":"http:\/\/kapela.se\/index.php\/wp-json\/wp\/v2\/media?parent=516"}],"curies":[{"name":"wp","href":"https:\/\/api.w.org\/{rel}","templated":true}]}}