{"id":514,"date":"2023-02-27T08:29:01","date_gmt":"2023-02-27T08:29:01","guid":{"rendered":"http:\/\/kapela.se\/?page_id=514"},"modified":"2025-03-02T21:36:08","modified_gmt":"2025-03-02T21:36:08","slug":"tonar-varen-2023","status":"publish","type":"page","link":"http:\/\/kapela.se\/index.php\/tonar-varen-2023\/","title":{"rendered":"Ton\u00e5r v\u00e5ren 2025"},"content":{"rendered":"\n<p class=\"has-medium-font-size\"><strong>Verksamhet f\u00f6r v\u00e5ra ton\u00e5ringar fr\u00e5n \u00e5k 6 och upp\u00e5t.<br>Fredagar 19-22.<br>Fikat p\u00e5 Ton\u00e5r kostar 250:-\/termin<\/strong> <strong>eller 20:-\/g\u00e5ng<\/strong>. <\/p>\n\n\n\n<p class=\"has-medium-font-size\"><strong>P\u00e5 v\u00e5r Instagram kommer info om ton\u00e5r och annat kul som h\u00e4nder i f\u00f6rsamlingen, som ni ton\u00e5ringar \u00e4r mer \u00e4n v\u00e4lkomna till!<\/strong><\/p>\n\n\n\n<p class=\"has-medium-font-size\"><br><strong>Ledare f\u00f6r Ton\u00e5r:<\/strong><br>Sofia Fransson, Pastor. 070-336 48 47<br>Kalle Johansson, 070-627 90 99<br>Anneli H\u00f6rlenius, 073-917 27 64<br>Martin Vilhelmsson, 070-365 33 33<br>Ulf Axelsson, 070-697 88 49<\/p>\n\n\n\n<p class=\"has-medium-font-size\">Evelina Svensson 070-389 15  36 <\/p>\n\n\n\n<p class=\"has-medium-font-size\">Noah Bj\u00f6rnell  072-315 66 29 <\/p>\n\n\n\n<p class=\"has-medium-font-size\">Alva Axelsson 072-210 79 33 <\/p>\n\n\n\n<p class=\"has-medium-font-size\">Edvin Als\u00e4ter 073-971 10 99<\/p>\n\n\n\n<p><\/p>\n\n\n\n<p><\/p>\n\n\n\n<p><\/p>\n\n\n\n<ul>\n<li><strong>PROGRAM VT-25<\/strong><\/li>\n\n\n\n<li>7\/2 \u2013 Reflexlek UTE (grupp 1)<\/li>\n\n\n\n<li>14\/2 \u2013 Mat ute + \u00e5rsm\u00f6te<\/li>\n\n\n\n<li>21\/2 \u2013 Bes\u00f6k av Munken &amp; Kulans \u201dpappa\u201d, \u00c5ke Samuelsson OBS! KL. 17:30<\/li>\n\n\n\n<li>Efter\u00e5t blir vi kvar f\u00f6r lite g\u00f6tt h\u00e4ng!<\/li>\n\n\n\n<li>L\u00f6rdag 22\/2 \u2013 GF vinter i Bankeryd<\/li>\n\n\n\n<li>28\/2 \u2013 Idrott i Gripenberg (grupp 2)<\/li>\n\n\n\n<li>7\/3 \u2013 Film (grupp 3)<\/li>\n\n\n\n<li>14\/3 \u2013 Mat f\u00f6r b\u00e5de magen och sj\u00e4len<\/li>\n\n\n\n<li>21\/3 \u2013 Bowling i J\u00f6nk\u00f6ping, vi \u00e5ker fr\u00e5n Kapela kl. 19 (var i tid). Anm\u00e4l er<\/li>\n\n\n\n<li>senast 14\/3 s\u00e5 vi vet hur mycket bilar vi beh\u00f6ver. Bowlingen kostar 75 kr och<\/li>\n\n\n\n<li>p\u00e5 hemv\u00e4gen stannar vi och \u00e4ter n\u00e5gonstans.<\/li>\n\n\n\n<li>28\/3 \u2013 Idrott i Gripenberg (grupp 4)<\/li>\n\n\n\n<li>4\/4- Inget ton\u00e5r<\/li>\n\n\n\n<li>11\/4 \u2013 Fias kv\u00e4ll och fix inf\u00f6r Linder\u00e5sdagen (grupp 5)<\/li>\n\n\n\n<li>L\u00f6rdag 12\/4 \u2013 Linder\u00e5sdagen<\/li>\n\n\n\n<li>18\/4 \u2013 P\u00e5skmys (grupp 1)<\/li>\n\n\n\n<li>25\/4 \u2013 Hela ton\u00e5r bakar (grupp 2)<\/li>\n\n\n\n<li>2\/5 \u2013 Hopp och lek hela kv\u00e4llen (grupp 3)<\/li>\n\n\n\n<li>9\/5 \u2013 UV invigning kl. 18:00<\/li>\n\n\n\n<li>16\/5 \u2013 Ute och cyklar (grupp 4)<\/li>\n\n\n\n<li>23\/5 \u2013 Inget ton\u00e5r<\/li>\n\n\n\n<li>28-29\/5 \u2013 Gemensam hajk med UV, mer info kommer<\/li>\n\n\n\n<li>6\/6 \u2013 Bonnabr\u00e4nnet i Kl\u00f6verdala<\/li>\n<\/ul>\n\n\n\n<p class=\"has-medium-font-size\"><br><br><br><\/p>\n","protected":false},"excerpt":{"rendered":"<p>Verksamhet f\u00f6r v\u00e5ra ton\u00e5ringar fr\u00e5n \u00e5k 6 och upp\u00e5t.Fredagar 19-22.Fikat p\u00e5 Ton\u00e5r kostar 250:-\/termin eller 20:-\/g\u00e5ng. P\u00e5 v\u00e5r Instagram kommer info om ton\u00e5r och annat kul som h\u00e4nder i f\u00f6rsamlingen, som ni ton\u00e5ringar \u00e4r mer \u00e4n v\u00e4lkomna till! Ledare f\u00f6r Ton\u00e5r:Sofia Fransson, Pastor. 070-336 48 47Kalle Johansson, 070-627 90 99Anneli H\u00f6rlenius, 073-917 27 64Martin Vilhelmsson, &hellip; <a href=\"http:\/\/kapela.se\/index.php\/tonar-varen-2023\/\" class=\"more-link\">Forts\u00e4tt l\u00e4sa<span class=\"screen-reader-text\"> &#8221;Ton\u00e5r v\u00e5ren 2025&#8221;<\/span><\/a><\/p>\n","protected":false},"author":4,"featured_media":0,"parent":0,"menu_order":0,"comment_status":"closed","ping_status":"closed","template":"","meta":[],"_links":{"self":[{"href":"http:\/\/kapela.se\/index.php\/wp-json\/wp\/v2\/pages\/514"}],"collection":[{"href":"http:\/\/kapela.se\/index.php\/wp-json\/wp\/v2\/pages"}],"about":[{"href":"http:\/\/kapela.se\/index.php\/wp-json\/wp\/v2\/types\/page"}],"author":[{"embeddable":true,"href":"http:\/\/kapela.se\/index.php\/wp-json\/wp\/v2\/users\/4"}],"replies":[{"embeddable":true,"href":"http:\/\/kapela.se\/index.php\/wp-json\/wp\/v2\/comments?post=514"}],"version-history":[{"count":7,"href":"http:\/\/kapela.se\/index.php\/wp-json\/wp\/v2\/pages\/514\/revisions"}],"predecessor-version":[{"id":621,"href":"http:\/\/kapela.se\/index.php\/wp-json\/wp\/v2\/pages\/514\/revisions\/621"}],"wp:attachment":[{"href":"http:\/\/kapela.se\/index.php\/wp-json\/wp\/v2\/media?parent=514"}],"curies":[{"name":"wp","href":"https:\/\/api.w.org\/{rel}","templated":true}]}}